6*w. Is w composite?
False
Suppose 292*r - 295*r = -7305. Is r a prime number?
False
Let h = 474 - -419. Is h a prime number?
False
Suppose 5*c = -p + 7610, -p - 5898 = -4*c + 199. Is c a composite number?
False
Suppose -7*h = -2*h. Suppose h = -4*t - 10605 - 11151. Is (-1)/4 + t/(-28) a prime number?
False
Let o(f) be the second derivative of 1/2*f**2 - 189/10*f**5 + 0*f**4 + 1/2*f**3 + 0 + 5*f. Is o(-2) a composite number?
False
Suppose 4*w = -5*n + 13, -5*w + 6*n = 3*n + 30. Let c = -9 - w. Is 3 + 3/(c/(-200)) a prime number?
True
Let d(u) = -2331*u - 985. Is d(-42) composite?
True
Let z = 11 - 9. Suppose z*a - 7 = -3. Suppose 3*g = -a*g + 890. Is g a prime number?
False
Let r(b) = 4 + 1592*b**3 - 2*b**2 + 3*b - 1 - 1595*b**3. Is r(-7) composite?
True
Let w be (-5)/(-20) - 22/(-8). Suppose -4*y + 3*t - 787 = -2966, 0 = -5*y - w*t + 2690. Is y a prime number?
True
Let x = 11032 + -5903. Let i = 7524 - x. Is i composite?
True
Let g(j) = j**2 + 5*j - 14. Let h be g(-6). Is (-6710)/h + (5/4)/5 a prime number?
True
Let a(f) = 11*f**3 - 7*f**2 + 2*f + 11. Let b(x) = 2*x**2 + 8*x - 6. Let v be b(-5). Is a(v) a prime number?
False
Is (-87)/232 + 2 + 975393/24 composite?
True
Suppose -d - 5*w + 2850 = -4507, -w = 3*d - 22141. Is d a composite number?
True
Let o = -25176 - -130207. Is o prime?
True
Let s(u) = 1 - 2*u + 0*u + 4*u + 4*u. Let f be s(1). Suppose f*i = 2*i + 605. Is i a prime number?
False
Suppose 4*k + 5*x + 258 = 0, -2*x - 2*x + 240 = -4*k. Let c = k + 336. Is c prime?
False
Let v = 74448 + -21621. Is v a composite number?
True
Let k = 31 - -22. Is k a prime number?
True
Suppose -8 = 57*s - 61*s. Is 1 - s - (3 - (740 - -3)) a composite number?
False
Let w(h) be the third derivative of 7*h**5/60 + h**4/4 + h**3/6 + 30*h**2. Suppose 2*s = s - 6. Is w(s) a prime number?
False
Suppose 0 = 2*p - 6*p + 20108. Is p composite?
True
Let t(f) = 161*f + 58. Let u = -98 - -107. Is t(u) composite?
True
Let l(c) = 8560*c**3 + 10*c - 9. Is l(1) a composite number?
True
Let w be ((3 + 3)/(-1))/(-3). Is (-610)/(-5) - w/2 a composite number?
True
Suppose -561 = -6*i + 273. Let u = 638 - i. Is u prime?
True
Let q(d) = 0*d**2 + 10 - d + 0*d**2 - d**2. Is q(0) a composite number?
True
Let k be (-1461)/(-7) - (-14)/49. Let b = 628 - k. Is b prime?
True
Suppose 19*v + 1266 = 21*v. Is v a composite number?
True
Let x(c) = c**3 + 33*c**2 - 49*c - 26. Is x(-15) composite?
False
Is ((-58970)/6)/((-10)/6) prime?
True
Suppose 0*r = r + 12. Is (8/r)/((-6)/1143) a prime number?
True
Let j(z) = -47*z - 29. Let i be ((-11)/11)/(1/18). Is j(i) a composite number?
True
Suppose -2*g + 4*i + 16651 = -22839, 3*i = -3*g + 59208. Is g composite?
False
Suppose -5*m - 2*x = 2 - 5, 0 = 4*m - 2*x - 6. Let o(f) be the third derivative of 77*f**5/2 + f**4/24 - f**3/3 - 3*f**2 + 19*f. Is o(m) a composite number?
False
Let s = -21 - -1. Let z = s - -357. Is z a composite number?
False
Is 1174/4 + ((-72)/(-16) - 5) a prime number?
True
Let y(z) = 4*z**2 + 21*z - 1. Is y(48) a composite number?
False
Suppose -20*y + 520136 = 67876. Is y a prime number?
True
Let s be 1/(-2) - 33/22. Let c be 314/3 + s/3. Let x = 375 + c. Is x a prime number?
True
Let r(p) = 15*p**2 - 12*p - 254. Is r(27) a composite number?
False
Let q(h) = h**2 - h - 1. Let g(i) = 97*i**2 + 8*i. Let n(j) = g(j) + 2*q(j). Is n(3) a composite number?
False
Let d = -22 - -12. Suppose 2*t + 1113 = -5*t. Let o = d - t. Is o a composite number?
False
Let w = -4508 - -6466. Suppose -o - h + 2206 = 0, -5*h - 230 = -o + w. Is o prime?
True
Let z be ((-8)/12)/(2/(-18858)). Suppose -z - 29 = -5*y. Is y composite?
True
Suppose a = -d + 59139, 5*d = -5*a + 2*d + 295699. Is a prime?
True
Let p be (-72)/60*(-20)/(-6). Is (2/6)/((-4)/(p - 3152)) composite?
False
Let r = -4800 - -8459. Is r a prime number?
True
Suppose 23379 + 298950 = 21*n. Is n a composite number?
False
Suppose -z - 58 = -h + 3*z, 5*h + 4*z - 362 = 0. Is (-1)/(1/1) + h composite?
True
Let p(u) = -1 + 4*u**3 + 0*u**3 - 8*u**2 + 14. Is p(6) prime?
False
Let v(u) = 48*u**3 + u**2 - u + 1. Suppose -2*q = d, 4*q - d + 6 = 3*q. Let l be 60/84 - q/7. Is v(l) a composite number?
True
Let r = 44 + -41. Let u be (-12)/54 - (-4)/18. Suppose 2 = 5*v - r, u = -2*b + 4*v + 1170. Is b composite?
False
Suppose -36 = -4*f + 4*b, 2*f + 4*b - 24 = 8*b. Is (0 + f + -1)*181 a composite number?
True
Let k(j) = j**3 - j**2 + 5*j - 7. Let l = -21 + 33. Is k(l) a prime number?
True
Suppose -x + 3*q + 5 = x, 0 = -4*x - q + 17. Suppose 4*f = -3*y + 12160, 0 = 5*y - x - 16. Is f composite?
False
Let t be ((-18)/27)/((-4)/42). Let p = 2 - t. Is 1*2 - 255/p prime?
True
Suppose -k + o - 16 = 0, 0 = 2*k - 3*k - 2*o - 28. Is (-3 - 48/k)*-305 composite?
True
Let o be 60/45*(-15)/(-2). Let j(h) = 7*h**2 - 10*h + 10. Let t be j(o). Let f = t - 363. Is f a prime number?
False
Suppose -3*u = 4*u - 13321. Is u a prime number?
False
Is (-7)/35 - 12963/(-15) - -1 a prime number?
False
Is (-1)/10 + (-536253)/(-430) prime?
False
Let a(t) = -11*t**3 - 10*t**2 + 12*t + 22. Is a(-13) a prime number?
True
Is 273399/33 - 8/(-44) a composite number?
True
Suppose -118 + 3652 = 3*f. Let l = 1857 - f. Is l composite?
True
Is ((-90629)/14 - 4)*28/(-10) prime?
False
Suppose 5*a - 3400 + 335 = 0. Let n = 1232 - a. Is n composite?
False
Let b(i) be the second derivative of i**4/2 + i**3 + 5*i**2/2 + 19*i. Is b(-7) prime?
True
Let f = -1435 + 1722. Is f a composite number?
True
Let r(d) be the third derivative of -5*d**4/3 - 7*d**3/2 - 6*d**2. Is r(-7) a prime number?
False
Let s(l) = 876*l**2 + 6*l - 1. Is s(-2) composite?
False
Let u = -44305 - -74802. Is u composite?
False
Let g(s) = 1001*s. Let i(q) = q + 6. Let k be i(-5). Let f be g(k). Suppose f = 5*r - 54. Is r prime?
True
Let i be 73*(-3 - -2 - -2). Suppose z + 4*a + a + i = 0, 4*z - 5*a + 242 = 0. Is (-2)/9 - 13559/z a prime number?
False
Suppose -3*x + 3289 = 2*t - 17316, -2*x + 10301 = t. Is t composite?
True
Let a(m) = 3 + 38*m - 7 - 7 - 1. Is a(5) a composite number?
True
Suppose 3*u = -4*m + 22, -4*m + 3*u + 3 = -7. Is 0 - (-3 - (m - -99)) a composite number?
True
Let c(a) = 519*a + 55. Is c(14) prime?
True
Is 1401 - (8/1 + (-21 - -17)) a prime number?
False
Let x be (-80)/13 - (5 + (-134)/26). Let k(t) = -54*t + 5. Is k(x) a composite number?
True
Let d(f) = -54*f**3 - 6*f**2 - 2*f + 23. Is d(-6) a prime number?
True
Suppose 0 = 13*j + 17*j - 152610. Is j a composite number?
False
Suppose 0 = 2*t - 0*t - 5*k + 18, 2*k = -4*t - 12. Is 363 - (-5 + (t - -5)) composite?
False
Suppose -4*x - 2*v = -60776, 3*v = 2 + 4. Is x prime?
True
Suppose 4*i + 25288 = 5*v - 3857, -11686 = -2*v - 4*i. Is v prime?
False
Suppose -15*d - 9745 = -20*d. Is d composite?
False
Let w(g) = -g**2. Let j(a) = -14*a**2 - 7*a + 4. Let s(m) = -j(m) + 4*w(m). Let o be s(-12). Let v = -925 + o. Is v a prime number?
False
Let k be 33*((-5)/(-30) - (-2)/(-4)). Let u(w) = -188*w + 81. Is u(k) composite?
True
Let g be 5/70 + 4/(-56) + 2. Let w(l) = l + 2. Let x be w(0). Suppose -x*y + 2*o + 1454 = g*y, 4*y = -o + 1445. Is y a composite number?
True
Suppose z - 3*z = 5*b - 3402, 2*b = 5*z + 1355. Suppose 2*o + 26 - b = -4*i, -5*i = 3*o - 983. Is o composite?
False
Let k = 58896 + -18425. Is k prime?
True
Suppose -2*x + 4 = -14. Let a(t) be the second derivative of 5*t**4/12 - 7*t**3/6 - 13*t**2/2 - t. Is a(x) a prime number?
False
Let v = 6 + -5. Let t be (263 - (-1 - -3))/v. Suppose -2*d + t = d + k, -261 = -3*d + 3*k. Is d a composite number?
True
Let o = -22 + 37. Suppose -5*p + o = -5*a, -p - 3*p = 2*a + 18. Is (257/p)/(8/(-16)) prime?
True
Let p = 115 + 466. Is p composite?
True
Let a(c) = -4*c - 12. Let i be a(-4). Is 4 - i - 14/(-2) composite?
False
Let s(a) = a**3 - 8*a**2 + 8*a - 5. Let v be s(7). Suppose 6*n + 390 = v*g + n, 2*n + 8 = 0. Is g a composite number?
True
Let v(y) = 37*y**2 + 4*y + 5. Suppose 4*h = 35 - 3. Suppose -8 - h = -4*a. Is v(a) composite?
False
Let u = 1570 + -951. Let v = -14 + 14. Suppose v = 3*w - 2152 + u. Is w a composite number?
True
Let z = 11 + -23. Let f be (-1 - 7)*(-30)/z. Is (33/15)/((-4)/f) a prime number?
True
Suppose -3*y = 3*p - 78 - 150, -2*p + 152 = y. Let q = -37 + 14. Let r = p + q. Is r composite?
False
Suppose 10*g - 140234 = -17964. Is g